 0 + (-2 - 51) + -392 + 437
-110
What is the value of (6 - (-1 - 2)) + 3202 + -3170?
41
Evaluate -22 - -6 - -1 - (-11 + -48 + -81).
125
What is the value of -1 + -1 - ((196 - 175) + (-3 - -27) + 19)?
-66
What is -20 + (-9 + (48 - -2) - -21)?
42
Evaluate (-122 - 0) + (1029 - 1063) - -36.
-120
What is (-6 + 64 + 22 - 24) + -30?
26
2 - 14 - (-52 + (4 - -50)) - -56
42
-25 - ((-130 - -123) + 6 + 2 - (7 - -3))
-16
Evaluate 19 - (-12 + 21) - (-8 + -44) - 6.
56
-6510 + 6488 - (3 - 1 - (1 + 0 + -8))
-31
What is the value of -766 - -774 - (5 + 90 + 5)?
-92
Calculate 30 + 8 + (-8 - (-3 - 6)) + 4.
43
What is the value of 13 + 0 + (207 - 114)?
106
Evaluate 41 - ((-28 - 28 - -47) + (-1 - -20)).
31
Calculate 26 - ((-156 - -146) + (-2 - -14)).
24
What is -63 + (106 - -20) + (-10 - (-1 + -1))?
55
What is -16 - (6 - (-89 + 88))?
-23
What is the value of 10 + -5 - 5 - -72 - (58 + -48)?
62
What is -3 + 43 + 2 - (-24 + -31 - -37)?
60
What is the value of (-32 + 25 - -54) + -26?
21
Evaluate 72 - (-13 - -4 - ((8 - 23) + 4)) - 9.
61
What is the value of 2 - (-13 - (13 - 1 - (171 + -128)))?
-16
What is -4 - -47 - ((156 - 145) + -4 + -13 + 4)?
45
Calculate (0 - 39) + 0 + (9 - 25) + 5 + 10.
-40
What is -43 + (94 - 19) - 50?
-18
-5 + 6 - (146 - 196)
51
Evaluate (3 - (9 + -2 + 4)) + 1 - (-451 + 396).
48
What is the value of -8 + 11 + -4 + 10 + 1 + 17?
27
What is the value of (0 - 194) + (652 - 522)?
-64
Calculate 7 - (-2 - ((-29 - -6) + 0 + 5)).
-9
What is the value of -3 + -1 + (75 - -19) + 3?
93
Evaluate (1 - 3 - -21) + (105 - 124).
0
What is 3 + -68 + 8 + -15 - 4 - (28 + -18)?
-86
Calculate 20 - (-2 - (11 + (2 - (1 + 12)))).
22
Calculate 4 + 89 + -5 + -30 + 33.
91
Evaluate 124 + (-55 - -126) + -87.
108
Calculate (50 - (-35 + 17)) + (-25 - -53) + 12 + -1.
107
Calculate (-99 - -130) + 23 + 14 + -19.
49
What is -86 + -1 + (-100 - (89 - 185))?
-91
110 + -112 + (-8 - -2) + (8 - -1) + -5
-4
What is 55 + -47 + 8 - (-34 - -3)?
47
-8 - (21 - (15 - -7) - 25)
18
What is the value of (-107 - (-65 - -74)) + 68?
-48
Evaluate (5 - (34 - 17)) + -7 + 9 + 0.
-10
Calculate -59 - (-4 + 16) - -23.
-48
Evaluate 2 + -78 - (-998 + 961).
-39
What is 16 + (19 - 19) - (-1 + -4 + 19)?
2
Calculate 19 + -69 + (2 - -34) + -10 + 2 + -1.
-23
What is the value of -23 + (103 - (-39 + 74))?
45
What is 71 - (-4 + -24 + 1) - 10?
88
Evaluate (-8450 - -8378) + (0 - -3 - -11).
-58
Calculate 35 + 3 + -4 + 1 + -5 + 4 - -9.
43
Evaluate (2 - -3 - 3) + (0 - 1) + (-75 - -19).
-55
Evaluate -10 + 66 + -502 + 445.
-1
What is the value of 6 + (11 + -25 - -10) - (-8 - (8 - 16))?
2
What is -44 - (12 - 18 - -9 - 6 - 5)?
-36
What is the value of -19 + 17 - 3 - (5 - (-38 - -8))?
-40
What is -262 + 257 + -6 + -21?
-32
What is -4 - (27 - 2 - (452 + -423))?
0
234 + -266 - (-4 + 25)
-53
What is (-111 - -125) + (1 - (2 + -4)) - -61?
78
15 + (-95 - -101) + 3 + -86
-62
Calculate -15 - -138 - ((5 - -12) + 9).
97
What is the value of -199 + 244 + (10 - 50)?
5
-104 + 1 + (23 + -25 + 15 - 6) + 5
-91
What is the value of (-6 - 1) + -15 + -10 + -2 + 29 + -11?
-16
Evaluate 3 + (90 - (12 + -5 - -6 - 24 - -12)).
92
What is -48 - 1 - (-25 - (-24 - -37 - 45))?
-56
What is the value of (8 - -1) + 55 + -98?
-34
What is the value of 134 - (-32 + (8 - -36))?
122
What is the value of (-35 - -31) + 17 + -13 + 7 + -47?
-40
What is the value of 616 + -490 - ((-5 - -2) + 40)?
89
Calculate -27 + (19 - 11) + 51.
32
What is (-13 - (-23 + -116)) + -191?
-65
What is -7 + 2 + 15 + -2 - -24?
32
What is the value of (-442 - -360) + (-13 - -83)?
-12
Evaluate (142 - -188 - 209) + 13 + 2.
136
Evaluate 1 + (-3 - -7) + 28 + -30 + 27 + -16.
14
What is the value of -41 + -1 + -1 - (14 + 1 - (208 + -196))?
-46
Calculate -12 - (1 - 48 - (-225 - -210)).
20
Calculate -1 + 21 - (-557 - -584) - 84.
-91
(-54 - (6 + -23 + 47)) + (0 - -20)
-64
(85 - (-3 + -3 + 11) - (71 + -77)) + -6
80
What is the value of 1 + -16 + (-13 - ((2 - -21) + 13))?
-64
Evaluate -2 - -6 - (9 + -12 + (17 - 9)).
-1
Calculate 14 - ((-62 - -52) + 0).
24
What is the value of (-43 - (55 + -155)) + (-1 - (-15 - -2))?
69
What is (6552 - 6540) + (-32 - -3 - (-1 - -4 - 2))?
-18
Evaluate 35 + -1 + (7 + 16 - 7) + (-7 - 2).
41
27 + -95 - -22 - (110 - 69)
-87
What is the value of -113 + (57 - 46) + -11 + 12?
-101
What is the value of -1 + (-5 - 7) - (128 + -86)?
-55
(-4 - -7) + (-19 - -18) + 2 + 1
5
Evaluate -64 + (-10 - (-8 - -4 - (-7 - -8 - -1))).
-68
59 + 0 + (-85 + 39 + 47 - 6)
54
What is -85 - (26 + -78) - -45?
12
What is the value of 7 - (4 + -1 - (-2 + -37)) - 1?
-36
What is -19 + 22 + 60 - 33?
30
24 - ((-32 + -12 - -27) + 31)
10
What is the value of -14 + (82 - ((-32 - -57) + -36))?
79
What is the value of (4 - 2 - 5) + (37 + -24 + -7 - 56)?
-53
What is 110 - (-33 + 152) - (0 - -4)?
-13
What is the value of (-1 - 1) + -8 + 69 + (9 - 12) + -3?
53
What is the value of 33 - 101 - 50 - -67?
-51
What is the value of 66 - ((4 - 0 - -4 - 15) + 14)?
59
What is the value of 11 - (-37 + (-1 - -13))?
36
(-42 - 1) + -3 + -23 + (99 - 65)
-35
What is the value of -55 + (-147 - -81) - (9 - 10)?
-120
Evaluate -105 + -167 + 165 + (-25 - -18) + -3 + 15.
-102
What is (2 - (-2 + 54)) + (-2 + -50 - (-7 + -41))?
-54
Evaluate -4 + 5 + 19 + -12 + -2 - (-2 - -27).
-19
(12 - -15) + (-9 - -4) + -11
11
What is (0 - -7) + (-1803 - -1820 - (79 - 1))?
-54
-30 - 60 - (24 + -44 - -1)
-71
What is (31 - 56) + (-2 - -36)?
9
What is the value of 20 + -2 + (45 - (-53 - -130))?
-14
What is the value of (4 - 25 - -12) + 33 + 6 + 0 + 0?
30
Calculate 1 + -2 - -43 - (-516 - (164 - 681)).
41
Evaluate 3 - (-8 + 1 + (9 - 13 - 4 - -73)).
-55
What is the value of 11 - (11 + 40 - 98)?
58
Calculate -2 + 133 + (-86 - (-12 - 34)).
91
Calculate 94 - (15 + -1 + -33 + (9 + -6 - -16)).
94
-78 - ((5 - (11 + 6)) + -5 + 23)
-84
What is the value of -12 + 13 + 9 + -17 + -9?
-16
Calculate (-18 - (35 + -39)) + -1 + 7.
-8
What is (-38 - 43) + 41 - -39 - (1 + 11)?
-13
What is -4 - (16 + -13) - ((-68 - 14) + -9 + 0)?
84
Evaluate 56 + (3 - 20) + -77 + 67.
29
Evaluate -866 - -937 - (-6 + 1) - (2 - 2).
76
Evaluate (25 - (22 - (5 + 12))) + -33.
-13
(-108 - -123) + (-4 - 42 - -27)
-4
What is (-33 - -79) + -43 + (-1 + 0 - 7) + 8?
3
-29 + -5 + 11 + 401 + -237
141
(43 + (-5 - 26) - 12) + 12
12
What is -24 + 69 + -20 - -11?
36
Evaluate -14 - -1 - (-24 - (4 + -2)) - 28 - 14.
-29
What is 61 - (-17 + (-13 - -47))?
44
(-5 - -9) + 3 + -4 + 0 + 15
18
Evaluate (6 - -6) + (-14 - -67).
65
Calculate -5 - 1 - ((-95 - -88) + -6 + 50).
-43
What is the value of 38 - 26 - -19 - 57?
-26
3 - 13 - (-10 - (-8 + -4 + -1))
-13
1 - (-29 - 0) - (45 + -38) - 14
9
Calculate (-4 + 9 - 11) + 14 + (1 - -28).
37
Evaluate 6 - -1 - (-43 - -25 - -23 - 5).
7
What is the value of -3 + -1 + 3 + -37 + (-39 - (33 - 99))?
-11
Calculate 689 + -730 - (1 - 16).
-26
(-136 + 34 - -74) + 24
-4
What is the value of -22 - (-1 - 11 - (87 - 82)) - -10?
5
What is -78 + 66 - (81 + -27)?
-66
What is (130 - 30) + 45 + -74?
71
What is 53 - (-107 + 115 - (1 - 8 - -2))?
40
64 - (228 + -238 + (-1 - -26))
49
What is the value of -125 - (-12 - -5) - (-22 + 22 + -2) - 10?
-126
72 + 32 + -215 - -48
-63
Calculate (11 - (34 + -19 + -3 + 7)) + -19.
-27
What is -20 + 0 + -3 + 581 + -574?
-16
(0 - 1 - 0) + (-2276 - -2282) - 10
-5
(-19 + 2 - (-261 + 263)) + 54
35
(39 - (61 + -15 + 2)) + -1 + (-37 - 0)
-47
(1 - (1 + 5 + 2 + 1 + -4)) + 48
44
Calculate -20 - (-10 - (-23 + 95 - 22)).
40
-216 + (-131 - -266) - -175
94
15 + (-82 + (-16 - -39) - (-3 - 9))
-32
Evaluate 777 - 787 - (1 + 0 + 0).
-11
(10 - 1) + (-29 + (16 - -4) - 28)
-28
Calculate ((-2 - 8) + 1 - -6) + -6 + (26 - 2).
15
What is the value of -95 - (-21 + 25 + (-32 - -18) - 8)?
-77
Calculate -68 + (-10 - (-9 + 16 + -6)) + 20.
-59
Calculate -2 + (-3 - 17) - (-7 - -19).
-34
What is the value of -3 + (1 + -1 + 1 - 5) + (1403 - 1311)?
85
What is the value of 42 - 52 - (-1 - (-23 + 5))?
-27
4 + (-4 - (2 - (-11 + 4))) - -32
23
What is the value of -105 + 115 - -66 - 40?
36
Evaluate 17 + -20 + (4 + 17 - (5 - -3)).
10
What is 1022 + -1027 - ((28 - -1) + 3 - -1)?
-38
Evaluate -114 - (22 + -3 - 182).
49
Calculate (-77 - -120) + -31 - -79.
91
30 - (10 - -4 - 7) - 18 - 25
-20
What is the value of -4 - ((-7 - -14) + 3 + -11 - (-5 + 1))?
-7
What is the value of (12 - -29) + -39 - 31?
-29
Evaluate